. Let l(a) = 12*a + 65. Let o(x) = 4*f(x) - 3*l(x). What is o(12)?
-7
Let n(i) = 15*i**3 - 27 - 8*i**2 - 10 + 6*i**2. Let h(b) = 7*b**3 - b**2 - 19. Let g = -54 + 41. Let f(d) = g*h(d) + 6*n(d). What is f(0)?
25
Let z(w) be the first derivative of 2*w**2 + 28*w + 22. Let c be z(9). Let q(x) = -63*x**2 + x**3 - 6 + 1 + c*x**2. Give q(0).
-5
Let w = 770 - 759. Suppose -124 - 19 = w*z. Let p(u) = -u**3 - 12*u**2 + 11*u - 4. Give p(z).
22
Let v be -1 + (6/(-9))/(2/72). Let g be v/(-10)*12/10. Suppose 0*x - 4*x = 3*s - 26, -g*x + 5*s + 5 = 0. Let f(k) = k. Give f(x).
5
Let m(g) = -g**3 + g**2 + 5*g + 4. Let i(z) = 5*z**3 - 47*z**2 + 19*z - 6. Let v be i(9). Determine m(v).
1
Let u(i) be the first derivative of -i**2 + i - i**4 - 1 + 2/3*i**3. Determine u(1).
-3
Let f(r) be the first derivative of r**4/4 + 2*r**3 - 2*r**2 - 54*r - 4411. Give f(-5).
-9
Let o(l) = -7*l**2 - 9*l + 64. Let w(f) = -8*f**2 - 11*f + 74. Let c(i) = 7*o(i) - 6*w(i). Give c(5).
-6
Let u(r) = -2*r**3 + 0 - 204*r**2 + 81*r**2 - 26*r - 24 + 72*r**2. Determine u(-25).
1
Suppose 17*q - 2752 + 185 = 0. Let w = -152 + q. Let d(v) = 3*v**2 - v - 2. What is d(w)?
2
Let c(v) = 38*v + 2. Let l(q) = 34*q + 3. Let n(m) = -8*c(m) + 9*l(m). Calculate n(-6).
-1
Suppose 10*k = 7*k + 57. Suppose -5*n = -2*i - 47 + k, -4*i = 16. Let c(b) be the third derivative of -b**4/24 - 2*b**2. Give c(n).
-4
Suppose 42 = 122*s - 116*s. Let c be (6/18)/(s/(-21)). Let g(x) = 4*x**3 + 3*x**2 + 3*x + 1. What is g(c)?
-3
Suppose -3*q = -4*n - 44, 3*q - 3 = 2*n + 37. Suppose -q*l - 19 = 41. Let m(f) = -f**2 - 2*f - 5. Give m(l).
-20
Let g(j) = -5*j**2 + 72*j + 104. Let q(t) = 2*t**2 - 35*t - 47. Let x(o) = 6*g(o) + 13*q(o). Give x(-6).
7
Suppose 10*d = 5*d. Let q be 75/(-1)*(-5 - (-138)/30). Let h(y) = -8 - q*y - 28*y + 59*y. Determine h(d).
-8
Let l(v) = -10*v + 90. Let z = -9481 - -9491. What is l(z)?
-10
Suppose -5*p - 2*h = 4, 4*p - 3*h = 5*p - 7. Let a(r) = -28*r + 12*r - 1 + 10*r + 5. Determine a(p).
16
Let h(a) = 4*a + 4. Let r = -453 + 337. Let y = 109 + r. Determine h(y).
-24
Let s(w) = 69*w**2 + 12*w. Let h be s(3). Let q(j) = -654 - 4*j + h + 3*j. Give q(-5).
8
Let k(x) be the third derivative of x**5/60 - 7*x**4/24 + 13*x**3/6 - 1462*x**2. Give k(9).
31
Let w(q) = -7*q**2 + 24*q - 3. Let s(c) = 15*c**2 - 52*c + 7. Let u(r) = -6*s(r) - 13*w(r). Calculate u(3).
6
Let w(l) = -735*l - 12 + 1486*l - 756*l. Determine w(4).
-32
Suppose 0 = -3*x - 6 + 3. Let y(a) = -51*a + 46*a - 1 - 6*a. Determine y(x).
10
Let x(i) = 1403*i**3 - 1407*i**3 - 4*i**2 + 6*i**2. Determine x(2).
-24
Let r(c) = -2*c**2 - 81*c - 196. Suppose -3*f + 125*f = -1673 - 2963. Determine r(f).
-6
Let q(w) be the second derivative of -w**3/6 - 27*w**2/2 - 2193*w. What is q(-14)?
-13
Let z(a) = a**2 - 2*a - 3. Let h(d) = -d. Let m(g) = 4*h(g) - z(g). Suppose 8*t - 7*p - 6 = -12*p, -6 = -p. What is m(t)?
0
Suppose -f - 239 = -230. Let q be ((-12)/f)/(12/54). Let t(o) = o**2 - 7*o - 7. Determine t(q).
-13
Let w(o) = o**3 - 5*o**2 - 33*o + 162. Let g be w(4). Let y(z) = -z**3 + 14*z**2 - z + 14. Calculate y(g).
0
Let f(u) = -43 - 422*u**3 - 11*u - 4*u + 423*u**3 - 16*u**2 + u. Give f(17).
8
Let m be 12/(-78) + (1 - 4)*5491/663. Let p(d) = 3*d + 79. Determine p(m).
4
Let n = 6036 - 6044. Let z(t) = -15*t - 121. Determine z(n).
-1
Let h(z) = 37*z + 40. Let m be h(-1). Let v(i) = 3*i**2 - 8*i + 6. What is v(m)?
9
Suppose 6 = 2*d - d + 3*f, 4*d - 2*f = -4. Let l = -29 + 30. Let q(b) = -b - b + l + d + 11*b**2 + 0*b. What is q(1)?
10
Let i(p) = p**2 + 4*p. Let f be i(-4). Suppose 4*x - 6*x - 2 = f. Let y(w) = 164*w + 155*w + 158*w + 163*w - 783*w + 152*w. Determine y(x).
-9
Let f(w) = 19*w - 10 + 31 - 3*w + 13 - w + w**2. Calculate f(-14).
20
Let k = 10 + -9. Let m(l) = 8*l**2 - 7*l - 1. Let t(g) = 41*g**2 - 39*g - 5. Let p(a) = 11*m(a) - 2*t(a). Determine p(k).
6
Suppose -55*x + 9*x - 315 = 59*x. Let k(u) = -u**2 - 81*u - 230. Determine k(x).
4
Let d(a) = -a**3 - 8*a**2 - 8*a - 2. Let g(x) = -21*x**2 + x + 85. Let t(z) = 4*z**2 - 17. Let b(v) = -2*g(v) - 11*t(v). Let n be b(3). Give d(n).
5
Let b(j) = -5*j + 2 + 6*j - 2*j. Let r(k) = k**3 + 6*k**2 - 5*k + 17. Let d(o) = 2*o - 3. Let q be d(-2). Let n be r(q). Calculate b(n).
-1
Let x(t) = 3*t**2 - t - 11. Suppose 27*b - 24*b = 18, 2*b + 8 = -4*v. What is x(v)?
69
Let f = 3845 - 3845. Let x(u) be the third derivative of 0*u**3 + 0*u + 0*u**5 - 13/120*u**6 + 1/24*u**4 - 37*u**2 + f. Calculate x(-1).
12
Let g(i) = i**3 + 14*i**2 + 7*i - 9. Suppose 407*t - 402*t = 4*o - 65, 5*t + 3*o = -65. What is g(t)?
69
Let s(t) = 4*t**2 - t. Let p be -7*9 - 1/1. Let a = p - -78. Suppose -2*m + 16 = a. What is s(m)?
3
Let j(k) be the second derivative of -k**6/240 + k**5/30 + k**4/2 + k**3/6 - 37*k. Let w(s) be the third derivative of j(s). What is w(9)?
-23
Let z(m) be the first derivative of -m**3/3 + m**2 + 2*m + 3. Suppose 4 = 9*t - 13*t. Let q be (t + 2)*(-45)/(-15). Give z(q).
-1
Let l(b) = 20*b**2 + 4*b + 3. Let q be (75/(-125))/(2/(-60)*-9). Calculate l(q).
75
Let a(s) = s**2 - 2*s + 1. Let b = 126 - 126. Suppose b = -9*g + 32*g - 92. Give a(g).
9
Let j(r) = -4*r + 2. Let y be 2/(-8)*-1 - 46/(-8). Let s be y/12*7/(7/10). Let q(k) = -9*k + 4. Let f(t) = s*j(t) - 2*q(t). Determine f(3).
-4
Let j(z) = -z**3 + 5*z**2 + 14*z - 21. Let k = 12504 - 12497. Calculate j(k).
-21
Let c(j) = -j + 4. Let d be (-5)/(-20)*2*(9 - 15). Let p(y) = -y**3 + 11*y**2 + 42*y. Let q be p(d). Give c(q).
4
Let p(v) be the first derivative of -v**2/2 + 10*v + 5. Let i(g) = -g + 10. Let q(h) = 5*i(h) - 4*p(h). Calculate q(0).
10
Let c(q) be the third derivative of q**6/120 + q**5/5 + 5*q**4/12 - q**3/3 + 713*q**2. Determine c(-11).
9
Let h(s) = -5*s + 15. Let u(f) = f - 3. Let m(z) = -2*h(z) - 11*u(z). Suppose 5*b + 7 = -13. Let c be (0 - 0 - b)/(24/(-48)). Determine m(c).
11
Let q(p) = -3*p**3 - 2*p**2 + 2*p. Let g be q(-2). Let j be (-1)/((-2)/g) + -4. Suppose 4 = -j*a + 6. Let w(v) = 3*v - 1. Determine w(a).
2
Let f(w) = -22*w + 167. Let k be f(8). Let p(x) = -x**2 - 4*x + 31. Calculate p(k).
-14
Suppose 3*z = -3*a + 3, 2*z + 1 = -5. Let q(g) = -3*g**2 - 2*g - 1. Let y(m) = -28*m**2 - 13*m - 19. Let l(d) = 9*q(d) - y(d). What is l(a)?
6
Let s be (2 - (-195)/(-105))*7. Let g(d) = -d**3 + 2*d**2 - d + 1. Determine g(s).
1
Suppose -8*k + 5 = 61. Let s(q) be the first derivative of -q**2/2 - 3*q + 52. Determine s(k).
4
Let s(d) = 6 + 572*d - 295*d - 288*d. What is s(3)?
-27
Let v(p) be the second derivative of -p**7/2520 - p**6/80 - p**5/60 + 15*p**4/4 + p**3/6 + 49*p. Let c(w) be the third derivative of v(w). Calculate c(-7).
12
Let n(o) = o**3 + 12*o**2 - 27*o + 14. Let u(f) = 90*f + 796. Let x be u(-9). Give n(x).
0
Let b(g) = 31*g - 37. Let p(a) = 103*a - 115. Let o(m) = -10*b(m) + 3*p(m). Calculate o(-3).
28
Let j(d) be the first derivative of -d**4/2 + 20*d**3/3 - d**2 + 16*d + 1843. Calculate j(10).
-4
Let u be (-1390)/(-90) - -4*(-3)/27. Let d(r) be the second derivative of 0 - 1/6*r**3 - u*r + 7/2*r**2. Calculate d(4).
3
Let k(w) be the third derivative of w**5/60 + 5*w**4/24 + w**2. Let b = 74 - 209. Let y = 131 + b. Give k(y).
-4
Let p be (-2)/(-8) - (-22)/8. Suppose 0 = x - 4*o - 22, -2*x - 12 + 21 = -o. Suppose 3*k - 13 = g - 6*g, x*k + p = -g. Let m(r) = -r**2 - 5*r + 2. What is m(k)?
6
Let v(m) = 2*m**3 - m. Let j = 56 + -52. Let b be (j/(-5))/((-8)/(-20)). Calculate v(b).
-14
Suppose 0 = 5*q - 3*z - 1549, 69*z = 68*z - 3. Let a = q - 298. Let k(g) = g + 3 - 7 + 0*g. Give k(a).
6
Let s(p) be the third derivative of 2 + 1/2*p**3 - 19*p**2 + 0*p + 1/60*p**5 - 1/3*p**4. Calculate s(8).
3
Let b(f) = -21*f**3 + 15*f**2 + 42*f + 24. Let w(a) = 5*a**3 - 3*a**2 - 10*a - 7. Let d(c) = 4*b(c) + 17*w(c). Let t be (18/4)/(2/(-4)). Calculate d(t).
-5
Let s(w) be the first derivative of 2/3*w**3 + w**4 - 157 + w**2 - w. What is s(-2)?
-29
Let a be (-42)/(-28) - (61/2 - 0). Let m = a + 21. Let c(r) = -r**2 - 5*r. What is c(m)?
-24
Let q(k) = -k**3 - 11*k**2 + 2*k + 10. Suppose -228*c + 212*c + 76 = 252. Give q(c).
-12
Let i(q) = q**2 - 6*q - 46. Let d(a) = a**3 + 41*a**2 - 132*a + 9. Let c be d(-44). Give i(c).
-19
Suppose h + 3*u + 6 = 0, 170*h - 171*h - 6 = -3*u. Let d(i) = -3*i**2 - 18*i. Calculate d(h).
0
Let p(g) = -g**3 + 2*g